= 11*h - 20 - 145. Calculate the remainder when h is divided by a.
3
Suppose 7*y - 29*y = -506. Suppose -k = -3*k + 136. Calculate the remainder when k is divided by y.
22
Suppose -5*y + 282 = y. What is the remainder when y is divided by 25?
22
Let v = 0 + -2. Let p = v + 3. Calculate the remainder when (-11)/(-9) - (-2)/(-9) is divided by p.
0
Suppose -4*n + 3*i = 7, -i = 2*n + 10 + 1. Calculate the remainder when 19 is divided by 8 - (2 + -1 + n).
8
Suppose 2*s = -s. Suppose -h = -4*c - 5, 4*c + 3*h + s*h + 17 = 0. What is the remainder when 15 is divided by 6 + (-2)/c + 1?
7
Suppose -2*v = -3*v + 44. Let q = 87 - v. What is the remainder when q is divided by 11?
10
Suppose 0 = -0*l - 2*l + 18. Let p = -6 + l. What is the remainder when p is divided by 3?
0
Suppose -48 = -z - 2*z. Suppose -2*g = 2*g + 68. Let a = g + 26. Calculate the remainder when z is divided by a.
7
Suppose 3*i = 6*i. Suppose -2*r - r + 63 = i. Suppose 90 + 156 = 6*v. What is the remainder when v is divided by r?
20
Let o(f) = 19*f - 2. What is the remainder when o(1) is divided by 10?
7
Let w(g) = -5*g + 3*g + 1 + 5*g**2 + 3*g + g**3 + 1. Calculate the remainder when w(-3) is divided by 9.
8
Let v(w) = -4*w - 5. Let z be v(5). Let l = -65 - -45. Calculate the remainder when 52 is divided by (l/z)/((-4)/(-90)).
16
Let m = -2 + 2. Suppose j + 22 = -2*q - 3*j, -5*j - 20 = m. Let o = q + 6. What is the remainder when 4 is divided by o?
1
Let h = -1 + 8. Calculate the remainder when h is divided by 2.
1
Let x be 0/(-1) - (-25 - 1). Let t = -63 - -117. Let a = t - x. What is the remainder when a is divided by 10?
8
Let c(a) = -5*a + 78. Let n = -9 + 24. What is the remainder when n is divided by c(14)?
7
Suppose 0 = -2*z + h + 7, -2*z = -0*z - 5*h - 19. Suppose -2*q - 3*w = -0*w - 24, z*w = 4*q - 16. What is the remainder when 10 is divided by q?
4
Suppose -26 = -5*d - 1. Let u(v) = v**2 - 1. Let k be u(d). Suppose -k = -3*w + 3. What is the remainder when w is divided by 5?
4
Let o = -63 - -90. Let v = 42 - 26. Let h = o - v. What is the remainder when 41 is divided by h?
8
Let c(i) = 0*i + 28 + i - 11. What is the remainder when 20 is divided by c(-10)?
6
Let f = 10 + -6. Suppose -2*a + 15 + f = 3*c, 4*a = 2*c - 18. Suppose 2*p - c*p - 27 = -4*d, d + 5*p = 38. What is the remainder when 25 is divided by d?
12
Suppose -4*a = -21 - 23. Let h = 2 + 0. What is the remainder when a is divided by h/7 - 26/(-7)?
3
Suppose -46 - 38 = -2*f. Suppose -w = -4*w + f. Calculate the remainder when w is divided by 8.
6
Let x(f) = 27*f**2 + f. Let d be x(-1). Suppose 3*r = -2*s + d, r = -4*r + 10. What is the remainder when 28 is divided by s?
8
Suppose -a + 4 + 6 = -4*x, -4*a + x + 100 = 0. Let c be 7/(0/(-2) + 1). Suppose -3*b + c*b = 56. What is the remainder when a is divided by b?
12
Let t(i) = -3*i + 4. Let o(l) = 10*l - 13. Let n(d) = -2*o(d) - 7*t(d). Let q = 1 + 3. What is the remainder when n(9) is divided by q?
3
Suppose 6 - 2 = -o. Calculate the remainder when 4 is divided by o + 6/3 - -5.
1
Suppose r = 5*z - 41, -5*z - 2*r - 3*r = -35. Let u(q) = 5*q - 3. Let a be u(4). Let b = a + 4. Calculate the remainder when b is divided by z.
5
Suppose -11 = -2*v - v - 5*d, 0 = -4*v + d + 53. Let k = 25 - v. Calculate the remainder when 888/16*4/6 is divided by k.
11
Let w(v) = -v**3 + 8*v**2 - 5*v - 1. Let o be w(6). Suppose 4*q - 159 = -55. Let m = o - q. What is the remainder when 43 is divided by m?
13
Let d(r) be the first derivative of r**3/3 + 3*r**2/2 + 3*r + 9. What is the remainder when 24 is divided by d(-5)?
11
Let c(u) = 8*u**2 - 5*u + 6. Let n be c(3). Suppose -4*a - 4*v = -172, -2*a - 12 = -5*v - n. Calculate the remainder when a is divided by 10.
8
Suppose -3*v = v - 20. Suppose 0 = -h - 5*d + 23, -20 = h - v*h + 4*d. Calculate the remainder when 37 is divided by h.
5
Let n be (21/(-14))/(3/(-32)). Suppose 6*c = 2*c - n. Calculate the remainder when ((-21)/(-5))/(c/(-20)) is divided by 11.
10
Suppose -40 = -4*s + 488. What is the remainder when 11 is divided by 10/(-35) + s/21?
5
Suppose -2*r = -c + 4*c - 55, 0 = -3*r - 3. Let t = -5 - -8. Suppose 0 = 2*i + 2*u - 26, -17 = 3*i - 4*i - t*u. Calculate the remainder when c is divided by i.
8
Let a = 29 - 21. Suppose 8*k - 4*k = 88. Calculate the remainder when k is divided by a.
6
Let o(d) = 2*d**2 - 12*d - 5. What is the remainder when o(8) is divided by 15?
12
Let o(v) = v**2 - 3*v - 1. Let b be o(3). Let k = b + 3. What is the remainder when 2 is divided by k?
0
Let g(t) = 2*t**2 - 1. Let d be g(-1). Let u(m) = 2 + 1 + d - m. Calculate the remainder when 2 is divided by u(3).
0
Suppose -2*j + j - 7 = 0. Let r(s) = -s**3 + 9*s**2 - 9*s. Calculate the remainder when r(7) is divided by (-164)/(-14) - 2/j.
11
Let a(f) = -3*f - 5. What is the remainder when 26 is divided by a(-4)?
5
Let i = 22 + -10. Calculate the remainder when 21 is divided by i.
9
Suppose 0 = j + j - 56. Let c(r) = -r**3 - 13*r**2 - 8*r - 21. Calculate the remainder when c(-13) is divided by j.
27
What is the remainder when 140 is divided by 0 - -21 - 9/(-3)?
20
Suppose -4*i = -4*d + 5 + 11, -2*d + i + 9 = 0. Calculate the remainder when ((-76)/(-20))/(1/5) is divided by d.
4
Let a = 76 + -52. What is the remainder when a is divided by 13?
11
Let j(h) = -3*h**3 + 3*h**2 + h. Suppose 2*r + 6 = -t - 0, -4 = 2*r. Let w(g) = g**2 - 5*g + 18. What is the remainder when j(t) is divided by w(0)?
16
What is the remainder when -7 + 3 - 7*-8 is divided by 18?
16
What is the remainder when 21 is divided by ((-36)/21)/(2/(-14))?
9
What is the remainder when 140 is divided by ((-60)/16 - 3)/((-3)/16)?
32
Let k = -40 + 85. Let y = -29 + k. What is the remainder when y is divided by 6?
4
Let w(j) = -2*j + j**2 + 5 + 5*j + 4*j. What is the remainder when w(-9) is divided by 6?
5
Suppose -3*j + 263 = -4*u, -5*u - 91 = -j - 3*u. What is the remainder when j is divided by 14?
11
Suppose -5*o - 61 = -211. Suppose -3*q - 2*f - o = -5*f, -2*q = -4*f + 26. Calculate the remainder when (-60)/(-14) - (-2)/q is divided by 2.
0
Suppose -s - 2*s = 9. Let u(q) = q**3 + q**2. Calculate the remainder when u(3) is divided by (-56)/s - (-4)/12.
17
Suppose 3*r - 34 = -4*m, r = 5*r + 8. Let w be (-30)/(-12)*8/m. Let i = w + 2. Calculate the remainder when 6 is divided by i.
2
Suppose -3*s = -9 - 15. Suppose 5 = -z, 0 = -5*h - 3*z - 7 - s. Suppose 4*j = 5*k + 6 + 8, 5*j + k - 3 = h. What is the remainder when 2 is divided by j?
0
Let b be (-338)/18 + 2/(-9). Let v = 32 + b. Calculate the remainder when 23 is divided by v.
10
Let h = 4 - -2. Suppose -4*k + 2*r = -2*r - 76, -4*r - 10 = -k. What is the remainder when k is divided by h?
4
Calculate the remainder when 1353/15 + -2 - (-1)/(-5) is divided by 30.
28
Suppose 5*g - 25 - 190 = 0. What is the remainder when g is divided by 11?
10
Let b(w) = -w**3 - 4*w**2 + 3*w - 4. Let y be b(-4). Let j = y - -27. Calculate the remainder when j is divided by ((-2)/(-6))/((-2)/(-24)).
3
Let h(a) = -4*a + 86. Let n be 4/2*(-7)/(-2). Suppose 4*m + 36 = n*m. What is the remainder when h(13) is divided by m?
10
Let n = 29 + -19. Let u = -6 + n. Suppose u*s + 0*s = 92. Calculate the remainder when s is divided by 12.
11
What is the remainder when 6 is divided by 10/(-5) + -2 + 6?
0
Suppose 0*q + 32 = 4*q. Calculate the remainder when (-4)/6 + 92/3 is divided by q.
6
Suppose -131 = -2*w + 149. Let u = w - 86. What is the remainder when u is divided by 14?
12
Let r(x) = x + 8. Let n be r(-8). Suppose h = -n*h - 278. What is the remainder when 44 is divided by (-1)/6 - h/12?
21
Let m(b) = -b**2 - 4*b - 1. Let d be m(-2). Suppose d*v + 12 = 3*u, 8 = -4*u - 0*v - 2*v. Suppose g - 8 - 13 = u. What is the remainder when 81 is divided by g?
18
Let j(k) = 3*k**3 + 10 - 9*k - 6*k**3 + 4*k**3 - 9*k**2. Let v = 20 + -9. What is the remainder when j(10) is divided by v?
9
Suppose -3 = -2*a + 5. Suppose -4*o + 3*o - 3*z = -7, -3*o - a*z = -46. What is the remainder when 65 is divided by o?
21
Let p = -24 + 65. Calculate the remainder when p is divided by 21.
20
Suppose v - 12 = -3*v. Let u(t) = -t**3 - 7*t**2 - 7*t + 2. Let y be u(-6). Suppose 20 = -v*b + y*b. Calculate the remainder when b is divided by 3.
1
Let h = 8 - 5. Calculate the remainder when h is divided by